{"id":161,"date":"2025-01-29T08:43:05","date_gmt":"2025-01-29T08:43:05","guid":{"rendered":"https:\/\/av-melchow.de\/?page_id=161"},"modified":"2026-01-25T12:54:48","modified_gmt":"2026-01-25T12:54:48","slug":"aufnahme2","status":"publish","type":"page","link":"https:\/\/avmelchow.de\/?page_id=161","title":{"rendered":"Mitglied werden"},"content":{"rendered":"\t\t<div data-elementor-type=\"wp-post\" data-elementor-id=\"161\" class=\"elementor elementor-161\">\n\t\t\t\t<div class=\"elementor-element elementor-element-ff720bf e-flex e-con-boxed e-con e-parent\" data-id=\"ff720bf\" data-element_type=\"container\" data-e-type=\"container\" data-settings=\"{&quot;background_background&quot;:&quot;classic&quot;}\">\n\t\t\t\t\t<div class=\"e-con-inner\">\n\t\t<div class=\"elementor-element elementor-element-b50306c e-con-full e-flex e-con e-child\" data-id=\"b50306c\" data-element_type=\"container\" data-e-type=\"container\">\n\t\t\t\t<div class=\"elementor-element elementor-element-148d7d4 elementor-widget elementor-widget-heading\" data-id=\"148d7d4\" data-element_type=\"widget\" data-e-type=\"widget\" data-widget_type=\"heading.default\">\n\t\t\t\t<div class=\"elementor-widget-container\">\n\t\t\t\t\t<h2 class=\"elementor-heading-title elementor-size-default\">Mitgliederaufnahme<\/h2>\t\t\t\t<\/div>\n\t\t\t\t<\/div>\n\t\t\t\t<div class=\"elementor-element elementor-element-5ad1427 elementor-widget elementor-widget-heading\" data-id=\"5ad1427\" data-element_type=\"widget\" data-e-type=\"widget\" data-widget_type=\"heading.default\">\n\t\t\t\t<div class=\"elementor-widget-container\">\n\t\t\t\t\t<h5 class=\"elementor-heading-title elementor-size-default\">Stand: 28. Januar 2025<\/h5>\t\t\t\t<\/div>\n\t\t\t\t<\/div>\n\t\t\t\t<div class=\"elementor-element elementor-element-26dfe2b elementor-widget elementor-widget-text-editor\" data-id=\"26dfe2b\" data-element_type=\"widget\" data-e-type=\"widget\" data-widget_type=\"text-editor.default\">\n\t\t\t\t<div class=\"elementor-widget-container\">\n\t\t\t\t\t\t\t\t\t<h3 class=\"Stil2\"><strong>Mitglieder-Jahresbeitr\u00e4ge 2025<\/strong><\/h3><h5 class=\"Stil2\"><span class=\"Stil7\">(g\u00fcltig solange keine \u00c4nderungen beschlossen werden)<\/span><\/h5><p><strong>Mitgliederbeitr\u00e4ge in \u20ac\u00a0 \u00a0 \u00a0<\/strong> \u00a0 \u00a0\u00a0<br \/>Jahresbeitrag f\u00fcr Erwachsene, aktiv:<br \/>75,00<br \/>&#8212;&#8212;&#8212;&#8212;&#8212;&#8212;&#8212;&#8212;&#8212;&#8212;&#8212;&#8212;&#8212;&#8212;&#8212;&#8212;&#8212;&#8212;&#8212;&#8212;&#8212;&#8212;&#8212;&#8212;&#8212;&#8212;<br \/>Jahresbeitrag f\u00fcr Kinder und Jugendliche:<br \/>25,00<br \/>&#8212;&#8212;&#8212;&#8212;&#8212;&#8212;&#8212;&#8212;&#8212;&#8212;&#8212;&#8212;&#8212;&#8212;&#8212;&#8212;&#8212;&#8212;&#8212;&#8212;&#8212;&#8212;&#8212;&#8212;&#8212;&#8212;<br \/>Aufnahmegeb\u00fchr (neu f\u00fcr Erwachsene ab 18):<br \/>5,00<br \/>&#8212;&#8212;&#8212;&#8212;&#8212;&#8212;&#8212;&#8212;&#8212;&#8212;&#8212;&#8212;&#8212;&#8212;&#8212;&#8212;&#8212;&#8212;&#8212;&#8212;&#8212;&#8212;&#8212;&#8212;&#8212;&#8212;<\/p><p class=\"Stil2\">Aufnahme und wie soll es weiter gehen?<\/p><p align=\"justify\">Zuerst ben\u00f6tigst du den\u00a0<strong><a href=\"https:\/\/avmelchow.de\/wp-content\/documents\/Aufnahmeantrag-AVMelchow_2024_formular.pdf\" target=\"_blank\" rel=\"noopener\">Aufnahmeantrag<\/a><\/strong> und dann musst du den Fischereischein ablegen. Aber keine Angst vor der Pr\u00fcfung, mit ein wenig Flei\u00df schaffst du sie! Am Ende des Beitrages findest du ein paar Pr\u00fcfungsfragen.<\/p><p align=\"justify\">Sonstiges: <a href=\"https:\/\/avmelchow.de\/wp-content\/documents\/\/2017-03_Statistikbogen-KAV-des-DAV-Formular.pdf\" target=\"_blank\" rel=\"noopener\"><strong>Statistikbogen-KAV<\/strong><\/a><\/p><p align=\"justify\">Voraussetzung f\u00fcr das Beangeln der LAVB &#8211; Gew\u00e4sser, ist die Entrichtung des entsprechenden Jahresbeitrages und ein g\u00fcltiger \u201eFischereischein A\u201c oder ein \u201eJugendfischereischein\u201c.<\/p><p align=\"justify\">Zur Erlangung des \u201eFischereischein A\u201c ist eine Pr\u00fcfung abzulegen, in unserem Landkreis Barnim werden die Pr\u00fcfungen von der Unteren Fischerei Beh\u00f6rde veranstaltet. Die Fischerpr\u00fcfung umfasst 60 Fragen \u00fcber die Teilgebiete Fischkunde, Fischhege, Fischereirecht, Gew\u00e4sserkunde, Gew\u00e4sser\u00f6kologie, Ger\u00e4tekunde, Natur und Umweltschutz. Die Antworten sind vorformuliert, jeweils eine richtige Antwort ist an zu kreuzen.<\/p><p align=\"justify\">Den \u201eJugendfischereischein\u201c erhalten Kinder und Jugendliche ab Vollendung des 8. Lebensjahres (in Berlin ab dem 12. Lebensjahr) ohne eine Pr\u00fcfung. Mit Erlangung des 18. Lebensjahres ist der \u201eFischereischein A\u201c notwendig.<\/p><p align=\"justify\">Unser Verein verf\u00fcgt um umfangreiche Unterlagen, Pr\u00fcfungsfragen der letzten Jahre die wir gern zur Verf\u00fcgung stellen. Die aktuellen Pr\u00fcfungsfragen findet Ihr hier:<\/p><div align=\"center\"><a href=\"https:\/\/fischereischeintest.brandenburg.de\/\" target=\"_blank\" rel=\"noopener\"><strong>Pr\u00fcfungsfragen im Internet<\/strong><\/a><\/div><p align=\"justify\"><strong>Wichtig:<\/strong> Wer im Land Brandenburg seine Wohnsitz hat, muss die Pr\u00fcfung auch in einem der Landkreise ablegen!<\/p><p><strong>Kontakt:<\/strong><br \/>Landkreis Barnim<br \/>Dez. I, Ordnungsamt<br \/>Untere Fischereibeh\u00f6rde \/ Jagdbeh\u00f6rde<br \/>Am Markt 1<br \/>16225 Eberswalde<\/p><table border=\"0\" width=\"300\"><tbody><tr><td width=\"46\">Tel.:<\/td><td width=\"46\">0 33 34<\/td><td width=\"9\">\/<\/td><td width=\"75\">21 41 523<\/td><td width=\"79\">Frau Peschke<\/td><\/tr><tr><td>Tel.:<\/td><td>0 33 34<\/td><td>\/<\/td><td>21 41 409<\/td><td>Frau Tiet<\/td><\/tr><tr><td>Fax.:<\/td><td>0 33 34<\/td><td>\/<\/td><td>21 41 405<\/td><td>\u00a0<\/td><\/tr><tr><td>\u00a0<\/td><td>0 33 34<\/td><td>\/<\/td><td>21 41 2553<\/td><td>\u00a0<\/td><\/tr><\/tbody><\/table><table border=\"0\" width=\"300\"><tbody><tr><td>E-Mail:<\/td><td><a href=\"mailto:fischereibehoerde@kvbarnim.de\" target=\"_blank\" rel=\"noopener\">fischereibehoerde@kvbarnim.de<\/a><\/td><\/tr><tr><td>Internet:<\/td><td><a href=\"https:\/\/www.barnim.de\/verwaltung-politik\/aemter-leistungen\/dienstleistung\/jagd-und\/oder-fischereischein-beantragen\" target=\"_blank\" rel=\"noopener\">Fischereischein beantragen<\/a><\/td><\/tr><\/tbody><\/table>\t\t\t\t\t\t\t\t<\/div>\n\t\t\t\t<\/div>\n\t\t\t\t<\/div>\n\t\t\t\t\t<\/div>\n\t\t\t\t<\/div>\n\t\t<div class=\"elementor-element elementor-element-50cb7911 e-grid e-con-boxed e-con e-parent\" data-id=\"50cb7911\" data-element_type=\"container\" data-e-type=\"container\">\n\t\t\t\t\t<div class=\"e-con-inner\">\n\t\t\t\t<div class=\"elementor-element elementor-element-5e7cd5d5 elementor-widget elementor-widget-text-editor\" data-id=\"5e7cd5d5\" data-element_type=\"widget\" data-e-type=\"widget\" data-widget_type=\"text-editor.default\">\n\t\t\t\t<div class=\"elementor-widget-container\">\n\t\t\t\t\t\t\t\t\t<p><span style=\"color: #14ddee;\"><strong>\u00a92025-2026 Angelverein Melchow e.V.<\/strong><\/span><\/p>\t\t\t\t\t\t\t\t<\/div>\n\t\t\t\t<\/div>\n\t\t\t\t<div class=\"elementor-element elementor-element-4c220cb2 elementor-widget elementor-widget-text-editor\" data-id=\"4c220cb2\" data-element_type=\"widget\" data-e-type=\"widget\" data-widget_type=\"text-editor.default\">\n\t\t\t\t<div class=\"elementor-widget-container\">\n\t\t\t\t\t\t\t\t\t<p style=\"text-align: right;\"><span style=\"color: #14ddee;\"><strong><a style=\"color: #14ddee;\" href=\"https:\/\/av-melchow.de\/?page_id=151\">Impressum<\/a>\u00a0 &#8211;\u00a0 <\/strong><a style=\"color: #14ddee;\" href=\"https:\/\/av-melchow.de\/?page_id=156\"><strong>Datenschutz<\/strong><\/a><\/span><\/p>\t\t\t\t\t\t\t\t<\/div>\n\t\t\t\t<\/div>\n\t\t\t\t\t<\/div>\n\t\t\t\t<\/div>\n\t\t\t\t<\/div>\n\t\t","protected":false},"excerpt":{"rendered":"<p>Mitgliederaufnahme Stand: 28. Januar 2025 Mitglieder-Jahresbeitr\u00e4ge 2025 (g\u00fcltig solange keine \u00c4nderungen beschlossen werden) Mitgliederbeitr\u00e4ge in \u20ac\u00a0 \u00a0 \u00a0 \u00a0 \u00a0\u00a0Jahresbeitrag f\u00fcr Erwachsene, aktiv:75,00&#8212;&#8212;&#8212;&#8212;&#8212;&#8212;&#8212;&#8212;&#8212;&#8212;&#8212;&#8212;&#8212;&#8212;&#8212;&#8212;&#8212;&#8212;&#8212;&#8212;&#8212;&#8212;&#8212;&#8212;&#8212;&#8212;Jahresbeitrag f\u00fcr Kinder und Jugendliche:25,00&#8212;&#8212;&#8212;&#8212;&#8212;&#8212;&#8212;&#8212;&#8212;&#8212;&#8212;&#8212;&#8212;&#8212;&#8212;&#8212;&#8212;&#8212;&#8212;&#8212;&#8212;&#8212;&#8212;&#8212;&#8212;&#8212;Aufnahmegeb\u00fchr (neu f\u00fcr Erwachsene ab 18):5,00&#8212;&#8212;&#8212;&#8212;&#8212;&#8212;&#8212;&#8212;&#8212;&#8212;&#8212;&#8212;&#8212;&#8212;&#8212;&#8212;&#8212;&#8212;&#8212;&#8212;&#8212;&#8212;&#8212;&#8212;&#8212;&#8212; Aufnahme und wie soll es weiter gehen? Zuerst ben\u00f6tigst du den\u00a0Aufnahmeantrag und dann musst du den Fischereischein ablegen. Aber keine Angst vor der [&hellip;]<\/p>\n","protected":false},"author":1,"featured_media":0,"parent":0,"menu_order":0,"comment_status":"closed","ping_status":"closed","template":"","meta":{"footnotes":""},"class_list":["post-161","page","type-page","status-publish","hentry"],"_links":{"self":[{"href":"https:\/\/avmelchow.de\/index.php?rest_route=\/wp\/v2\/pages\/161","targetHints":{"allow":["GET"]}}],"collection":[{"href":"https:\/\/avmelchow.de\/index.php?rest_route=\/wp\/v2\/pages"}],"about":[{"href":"https:\/\/avmelchow.de\/index.php?rest_route=\/wp\/v2\/types\/page"}],"author":[{"embeddable":true,"href":"https:\/\/avmelchow.de\/index.php?rest_route=\/wp\/v2\/users\/1"}],"replies":[{"embeddable":true,"href":"https:\/\/avmelchow.de\/index.php?rest_route=%2Fwp%2Fv2%2Fcomments&post=161"}],"version-history":[{"count":56,"href":"https:\/\/avmelchow.de\/index.php?rest_route=\/wp\/v2\/pages\/161\/revisions"}],"predecessor-version":[{"id":1503,"href":"https:\/\/avmelchow.de\/index.php?rest_route=\/wp\/v2\/pages\/161\/revisions\/1503"}],"wp:attachment":[{"href":"https:\/\/avmelchow.de\/index.php?rest_route=%2Fwp%2Fv2%2Fmedia&parent=161"}],"curies":[{"name":"wp","href":"https:\/\/api.w.org\/{rel}","templated":true}]}}